e the remainder when c is divided by v.
15
Calculate the remainder when 33 is divided by (-19)/(-133) - 153/(-7).
11
Let s(z) = -z**2 + 5*z. Let g be s(4). Suppose -9 = 3*x - x + t, 2*t = g*x + 14. Calculate the remainder when ((-14)/x)/(4/8) is divided by 4.
3
Suppose 44*l + 13 = 45*l. What is the remainder when l is divided by 8?
5
Let g(t) = 2*t**3 + 13*t**2 + 5*t + 5. Calculate the remainder when 51 is divided by g(-6).
7
Let c = -45 + 79. What is the remainder when c is divided by 18?
16
Let i(u) = -u**3 + 6*u**2 - 2*u + 4. What is the remainder when 137 is divided by i(4)?
25
Let z = 12 + -3. Let h(i) = 5*i + 21. Let s(d) = -d - 1. Let m(b) = h(b) + 4*s(b). What is the remainder when m(0) is divided by z?
8
Suppose -100 = -2*s - 3*s. Suppose -3*l + 16 = -5*f, 4*l - 2*f = 2 + 24. What is the remainder when s is divided by l?
6
Let d = 21 - 6. What is the remainder when d is divided by (1*2)/((-7)/(-21))?
3
Let y = 105 + -26. Calculate the remainder when y is divided by 10.
9
Suppose 1 = -z - 0*z. Let i be (-5)/2*-4 + z. Let g(p) = -p**3 + 8*p**2 + 12*p + 3. Calculate the remainder when g(i) is divided by 16.
14
Let i = 91 + 109. Suppose -d = 2*d - 5*q + 154, 5*d + 3*q + i = 0. Let v = -10 - d. Calculate the remainder when v is divided by 17.
16
Suppose -2*w - 18 = -3*w. Let d = 175 - 105. What is the remainder when d is divided by w?
16
Calculate the remainder when 35 + (-3)/6*-4 is divided by 13/(1 - 2)*-1.
11
Let l = -86 + 90. Suppose 3*h = 0, j + h = -3*j + 40. What is the remainder when j is divided by l?
2
Let u(v) = -v**2 - 13*v - 1. What is the remainder when 40 is divided by u(-11)?
19
Suppose 0 = -j - 3*j. Suppose j = -5*o + 3*o + 8. What is the remainder when 15 is divided by o?
3
Let w = -2 - -4. Let i = 8 - w. Suppose i*g - 40 = g. What is the remainder when 14 is divided by g?
6
Suppose -4*j + 2 = -5*o - 1, j - 22 = -3*o. What is the remainder when 20 is divided by j?
6
Suppose -5*d + 17 = 2*c + c, -5*c = 2*d - 22. Let i be (d + -8)/((-1)/5). Suppose -5*v + 5 = -i. Calculate the remainder when 15 is divided by v.
7
Suppose 0*l + l + 41 = 0. Let d = l - -62. Suppose 2*n = 6*n - 3*f - 152, 0 = -2*n - 4*f + 98. What is the remainder when n is divided by d?
20
Let p = 24 - 11. Calculate the remainder when (31/2)/(10/40) is divided by p.
10
Suppose q - 4 = 2*q. Let g = q + 9. What is the remainder when g is divided by 3?
2
Suppose -5*v + 9 = 2*p, 10 = 5*v - 2*p - 11. Suppose -j = -v*j + 126. What is the remainder when j is divided by 22?
19
Suppose -o + 0*o = 3*r - 11, 0 = -3*r. What is the remainder when 42 is divided by o?
9
Suppose -5*n + 42 = 4*a, 34 = -0*a + 3*a + 5*n. Calculate the remainder when 196/9 - (-2)/9 is divided by a.
6
Let t(d) = 8*d - 1. Let i(k) = 48*k - 2. Let j be i(2). Suppose -4*l + 82 + j = 0. Calculate the remainder when l is divided by t(2).
14
Suppose -4*u - 288 = -4*i, -5*u - 97 = 4*i + 308. Let z = u - -116. Let y = -14 + 24. Calculate the remainder when z is divided by y.
9
Calculate the remainder when -1 + 1/(4/156) is divided by 20.
18
Suppose 0 = -2*t - 6, 5*v + 3*t = 7*t + 102. Calculate the remainder when 70 is divided by v.
16
What is the remainder when 2/(-4)*-2 + 33 is divided by 9?
7
Let f be (-2)/(-6) - 334/(-6). Let s = -29 + f. Let m = -36 - -46. Calculate the remainder when s is divided by m.
7
Let w(o) = -3*o - 1. Let m(c) = -c**3 - 8*c**2 - 2*c - 10. Let s be m(-8). Let v = s + 35. What is the remainder when v is divided by w(-5)?
13
Suppose -12 = -x + 17. Suppose 2*f - x = -9. What is the remainder when 17 is divided by f?
7
Let g(d) = d**3 - 4*d**2 - d + 2. Let n be g(-3). Let q = n + 89. Calculate the remainder when q is divided by 10 - 1*-1*1.
9
Suppose v - 19 = -0*v. Calculate the remainder when v is divided by -11*(-2 + 3 + 6/(-3)).
8
Let a = 13 + -8. Suppose h + 3 - 1 = 0, -4*i + 42 = a*h. What is the remainder when 24 is divided by i?
11
Suppose 4*k - 7 = 1. Let b be 44/(k*(-1)/(-2)). Suppose b = 4*f - 0*f. Calculate the remainder when f is divided by 7.
4
Let x = 9 + -16. Let g(m) = -2*m - 10. Let i be g(x). Suppose o = -5, 0*o - 115 = -5*l - i*o. What is the remainder when l is divided by 14?
13
Let v be 15/9*1 + 22/(-33). Suppose -5*x = -3*p + 65, 5*x = -p - 81 + 16. Let y = v - x. What is the remainder when 40 is divided by y?
12
Suppose 5*z - 59 = -2*f, 4*z + 48 = 4*f - 0*z. Let a = 1 + 3. Suppose 3*g + 2*t = 16, -3*g - g + a*t = -28. What is the remainder when f is divided by g?
5
Suppose 0 = 4*n, 4*d - n = -19 + 3. Let z = -28 - -40. Let h = z - d. What is the remainder when 46 is divided by h?
14
Suppose 0 = -4*f + 1 + 19. What is the remainder when 17 is divided by f?
2
Suppose 3*a + 2*a - 65 = 0. Suppose 0 = 2*d + 5*m - 11, -4*d + a = -d + 4*m. Let g(v) = v**2 - v - 2. What is the remainder when 6 is divided by g(d)?
2
Let u(d) = -7*d - 21. What is the remainder when u(-10) is divided by 18?
13
Let r(j) = 26*j**3 - j**2 + j - 1. Let w = -25 + 34. What is the remainder when r(1) is divided by w?
7
Let z(p) = -p**3 - 5*p**2 - 5*p - 12. Calculate the remainder when 50 is divided by z(-5).
11
Let b = 16 - 10. Suppose 3 = -3*m - 0. Let z(g) = 11*g**2 - 1. Calculate the remainder when z(m) is divided by b.
4
Let b(h) = 2*h. Let p be b(-1). What is the remainder when -1 + -2 - (p - 66) is divided by 22?
21
Suppose 2*v - 10 = -3*v. Suppose v*h - 2*a = 134, -a = -2*h + 75 + 55. What is the remainder when h is divided by 16?
15
Let x = 18 + -10. Suppose 5*w - 33 = c - x, -5*c - 4*w + 20 = 0. Suppose 0 = t - c*t - 15. Calculate the remainder when t is divided by 9.
6
Calculate the remainder when ((-3)/2)/(4/(-88)) is divided by 2*20/8 + 13.
15
Let r(o) = o**3 + 11*o**2 + 14. Let a be r(-11). Let s = a + 4. What is the remainder when 50 is divided by s?
14
Let j = -9 - -30. Let o = j + 2. What is the remainder when o is divided by 12?
11
Let m = 34 - -1. Suppose 3*i - i = 4*z - 2, -4*i + m = 5*z. Let g = 15 - z. What is the remainder when 22 is divided by g?
10
Let u = -8 - -19. What is the remainder when 52 is divided by u?
8
Let v = 22 + -11. What is the remainder when 43 is divided by v?
10
Let b(v) = 3*v. Calculate the remainder when (8/6)/((-8)/(-204)) is divided by b(4).
10
What is the remainder when (-144)/(-3)*-3*(-3)/9 is divided by 26?
22
Let k = 36 - 17. Calculate the remainder when k is divided by 5.
4
Let q = 78 - 46. Suppose -2*s + 5*s - 3 = 0. What is the remainder when q is divided by 17/(s + (-2 - -2))?
15
Let c = -41 + 17. Let q = -12 - c. Calculate the remainder when 35 is divided by q.
11
Let b be ((-36)/8 - -4)*2. Calculate the remainder when b/(53/(-13) + 4) is divided by 8.
5
Let z = 104 + -69. Calculate the remainder when z is divided by 9.
8
Suppose -2*v = -v + 24. Let f(n) = 13*n**2 + 3*n + 1. Calculate the remainder when f(-2) is divided by (-4)/6*v*1.
15
Let b = 151 + -133. Calculate the remainder when 67 is divided by b.
13
Let j(m) be the second derivative of -m**5/20 + m**4/4 + 2*m**3/3 + m**2 + 4*m. Calculate the remainder when 3 is divided by j(4).
1
Suppose -2*l = 4 - 80. Calculate the remainder when l is divided by 13.
12
Suppose 0 = x - 2*x. Suppose x = -5*d + 16 + 9. Let l(s) = 4*s - 7. Calculate the remainder when 37 is divided by l(d).
11
Let l be 0 + 1/((-2)/(-6)). Suppose l = -2*h + 11. Suppose h*x - 10 - 46 = -2*b, 120 = 4*b + 4*x. What is the remainder when b is divided by 11?
10
What is the remainder when 2/3 - (-264)/36 is divided by 6?
2
Let g be (-5)/(20/(-12)) + -32. Let t = g - -56. What is the remainder when t is divided by 7?
6
Let o(q) = 2*q**2 + 2. What is the remainder when o(2) is divided by (((-9)/(-2))/(-3))/(4/(-8))?
1
What is the remainder when 167 is divided by 9 + 5 + 1 + -2?
11
Let o = -6 + 3. Let a = 7 - o. What is the remainder when 27 is divided by a?
7
Suppose -3*w + l - 13 = w, -3 = -3*l. Calculate the remainder when 6 is divided by (12/(-10))/(w/10).
2
Let k(x) = 12*x + 3. Suppose -14*z + 50 = -9*z. What is the remainder when k(3) is divided by z?
9
Let t = -25 + 17. Let h = 46 + t. What is the remainder when h is divided by 13?
12
Let c(w) = w**3 - 3*w**2 + 4*w - 2. Let r be c(3). What is the remainder when 27 is divided by (2 - 2 - 0) + r?
7
Let k(r) = 7*r**3 - r - 1. Let j be k(-1). Let i = j + 15. Let z(n